nits digit of n?
5
Let d = 8 - 11. Let n(w) = -2*w + 4*w - w**3 - 4 - w - w**2. What is the tens digit of n(d)?
1
Suppose -30 = -4*a + 2*i, i = 5*a - 4*i - 50. Let k = a - 0. What is the units digit of k?
5
Let t(g) = -g**3 - 8*g**2 - 5*g - 20. What is the hundreds digit of t(-10)?
2
Let v(s) = -8*s. Let a be v(-1). Suppose w - 8 = 3*w - 2*y, -2*y + a = 0. Suppose 0 = -w*x + 4*x - 72. What is the tens digit of x?
1
Suppose -9*g - 1025 = -14*g. What is the units digit of g?
5
Suppose 172 = 4*l - 20. Suppose l = 3*f - 5*a, -2*f = -4*f - 3*a + 13. What is the units digit of f?
1
Let j(g) = g**2 + 7*g - 7. Let y be j(-8). What is the units digit of -10*2/(-4)*y?
5
Let v = 110 + 36. What is the hundreds digit of v?
1
Let s(u) = 2*u - 9. Let v be s(6). Suppose -v*c = -m + 2*c + 19, 0 = 3*m + 4*c. What is the tens digit of 34/m*(-2 - -4)?
1
Suppose -5*r + 2*h + 8 = 0, 3*r + 0*r + 3*h = 9. Suppose 0*n - 4*n = 3*b - 36, -68 = -5*n + r*b. What is the units digit of n?
2
Suppose -4*q = -4*j + 56, 3 = 4*q - 5. What is the units digit of j/10 - 2/(-5)?
2
Let i = 18 + -16. What is the units digit of i?
2
Let s = 76 + 17. What is the units digit of s?
3
Let c(w) be the first derivative of -w**6/360 - 7*w**5/120 - w**4/12 + 2*w**3/3 - 2. Let n(o) be the third derivative of c(o). What is the units digit of n(-6)?
4
Let g be (-3)/4*24/(-6). Suppose 0 = j - 5*j + 5*h + 20, 4*h + 16 = 0. Let c = j + g. What is the units digit of c?
3
Let k be 2*-3*6/(-9). Let l be -4*1*k/(-8). What is the units digit of l*1/(2/4)?
4
Let s = -17 - -148. What is the hundreds digit of s?
1
Suppose 0 = 4*g - 5*v + 42 + 3, -15 = 2*g - v. Let b = 7 + g. Suppose -5*q = 3*i - 38, -2*q + 12 = i - b. What is the units digit of i?
6
Let v be 2/((-4)/9)*2. Let g(w) = w**2 + 10*w + 10. What is the units digit of g(v)?
1
Let l = 0 - 1. What is the tens digit of l - (-4)/(8/26)?
1
Suppose 5*a + 6 = 1. Let o = 8 + a. What is the units digit of o?
7
Let d(r) = -r**3 - 6*r**2 - 6*r - 2. Let n be d(-5). Suppose -n*i = -8*i + 180. What is the tens digit of i?
3
Let x be 16/6 + 6/(-9). What is the tens digit of 228/15 - x/10?
1
Let w be -3 - (-78)/(-1 + 4). Suppose v = 2*v - w. What is the tens digit of v?
2
Suppose -4*r + 3*r - 26 = 0. What is the units digit of r/(-6) + 14/21?
5
Suppose -2*x = -s + 4, -4*s = -5*x - 3*s - 16. Let b = x + 7. Let r = b + 5. What is the units digit of r?
8
Let p(a) = a**3 + a - 6. Let j be p(0). Let t(m) be the second derivative of -m**5/20 - 5*m**4/12 + 5*m**3/6 + 2*m**2 - 4*m. What is the units digit of t(j)?
0
Suppose -3*p = -p - 6. Suppose 2*r - 6*r - 18 = -2*q, -21 = -p*q + 4*r. Let m(u) = u**2 - u - 2. What is the units digit of m(q)?
4
Let l = -2 - -3. Let a(j) = -3*j - 1 + 4*j - l. What is the units digit of a(6)?
4
Suppose 3 = -5*n + t - 2, 4*t = 3*n + 20. Suppose -2*g = -4*b - 30, -5*b + 3*b + 5*g - 19 = n. Let f = 1 - b. What is the units digit of f?
8
Let t be (24/20)/(4/30). Suppose 4 = -5*l + t. What is the units digit of l?
1
What is the units digit of 616/6 + ((-1)/3)/(-1)?
3
What is the units digit of 7/(28/12) + 56?
9
Let g = 1 - 11. What is the tens digit of (-174)/g + (-9)/(-15)?
1
Suppose 0*h = -5*b + h + 49, 6 = b - 4*h. What is the units digit of b?
0
Suppose 0 = -2*v + 6*v - 16. Let q = 0 - 0. Suppose q = a - 2 - v. What is the units digit of a?
6
Let m(d) = 9*d - 5. What is the units digit of m(7)?
8
Suppose 0 = -p - 2*j - 1 + 7, -p + 5*j + 6 = 0. What is the units digit of p?
6
Let u(z) = -2*z**2 + 6*z + 2. Let a be u(5). Let n = 29 + a. What is the tens digit of n?
1
Let u(c) = -c**2 + 13*c + 11. Let m be u(11). Suppose 4*q = 3*q - v + m, q - 18 = -4*v. What is the units digit of q?
8
Let t(i) = -i**3 + 11*i**2 - 15*i - 3. What is the units digit of t(8)?
9
Let q(p) = 2*p**2 + 9*p + 13. What is the tens digit of q(-6)?
3
Let i be 29/2 - 1/(-2). Suppose h + 13 = f - i, -2*f = -3*h - 58. What is the units digit of f?
6
Suppose 0*o = 4*i - 5*o, -2*o = -5*i - 17. Suppose 5*x + 56 + 24 = -5*d, 3*d = 2*x - 33. Let q = i - d. What is the units digit of q?
8
Let i(y) = 11*y**2 - 9*y + 3. Let d(f) = 5*f**2 - 4*f + 1. Let w(z) = 9*d(z) - 4*i(z). What is the tens digit of w(5)?
2
Let v be 4/(-18) + 38/9. Suppose i + v = 7. What is the units digit of i?
3
Suppose -8*o = -4*o - 40. Suppose -t + o - 1 = 0. What is the units digit of t?
9
Let s(b) = -6*b + 2. Suppose -2*k = -5*k + g - 9, -18 = 3*k - 4*g. What is the tens digit of s(k)?
1
Let t = -46 - -137. What is the units digit of t?
1
Suppose 0 = 4*d + 5*j - j - 160, -5*j - 28 = -d. What is the tens digit of d?
3
Suppose -3*t - 5*o = -4, 3*o - 5 + 17 = 3*t. Suppose n = -t*n + 216. What is the tens digit of n?
5
Suppose -5*u + 4 + 21 = 0. Suppose u*o - 4*g - 69 = 0, 0 = -2*o + 4*g + 12 + 18. What is the tens digit of o?
1
Let g be ((-28)/(-10))/(12/30). Let b(h) = -h**2 + 8*h - 5. What is the units digit of b(g)?
2
Suppose 0 = -5*d - 26 - 44. Let s = 29 + d. What is the units digit of s?
5
Let v be (-250)/2 + (0 - 2). Let m = v + 178. What is the units digit of m?
1
Let o = 26 - 1. What is the tens digit of o?
2
Suppose 6*y - 108 = 2*y. Suppose 0 = i - 4*z - y, i + 2*z = -3*i + 36. What is the tens digit of i?
1
Suppose -192 = -7*m + 3*m - 3*a, 3*m - 151 = -4*a. What is the units digit of m?
5
Let k(d) = -d - 3. Let q be k(-2). Let s be 18/3 - (q + 1). Suppose -i - 35 = -s*i. What is the units digit of i?
7
Let j = 7 + -5. Suppose o = 2*l + 2*l + 27, 13 = -j*l + o. Let x = l - -22. What is the tens digit of x?
1
Let j = -147 - -93. What is the units digit of j/(-8) + (-2)/(-8)?
7
Suppose 3*g = -17 - 7. Let i = g + 13. Let c = 0 + i. What is the units digit of c?
5
Let v be (17 + -9)*(-2)/(-8). Suppose -34 = -a - v. What is the tens digit of a?
3
Let q = 11 + -7. Suppose -q*i + 60 = i. Suppose 4*l - i = 3*l. What is the units digit of l?
2
Let a(m) = m**3 - m - 2. Let k be a(2). Let n be (-2)/4 - (-1)/2. Suppose -k*c + 52 = -n*c. What is the units digit of c?
3
Let l(u) = -2*u + 15. What is the tens digit of l(-10)?
3
Let s = 16 + 15. What is the units digit of s?
1
Let i be ((-8)/16)/(1/(-12)). Suppose -x - 3*f + 3 = 2*x, -2*f = 4*x - i. What is the units digit of 0 + (2 - 2) + x?
2
Let x(s) = -s**3 - 7*s**2 + s + 10. Let f be 14/4*1*-2. Let l be x(f). Let o(h) = 3*h**2 - 3*h - 4. What is the tens digit of o(l)?
1
Let d(v) = v**2 - v - 1. Let j(q) = -q**3 + 2*q**2 + 12*q + 11. Let z(m) = 5*d(m) + j(m). Let w be z(8). What is the units digit of (11 - w) + 6/2?
6
Let k(o) = -2*o + 1. What is the units digit of k(-5)?
1
What is the tens digit of (188/(-10))/((-4)/20)?
9
Suppose -3*g - 2*g = 0. Let w be 0 - -2 - (2 - g). What is the units digit of 3/(3 - w)*9?
9
Suppose 0*f - 22 = -3*f - 4*u, -3*f + 4*u + 14 = 0. Let z = 32 - f. What is the tens digit of z?
2
Let p = 8 + -9. Let u = 2 - p. What is the units digit of u?
3
Suppose 0 = 4*v - 2*v - 106. What is the tens digit of v?
5
Suppose 2*m + 3*y = 3*m - 11, 0 = -4*m + 2*y + 24. Suppose 0 + 80 = m*w. What is the tens digit of w?
1
Suppose 6 = 5*c - 3*c. Let p(w) = w**3 + w**2 - 3*w - 4. What is the tens digit of p(c)?
2
Let u(y) = -3*y - 3. Let c be u(-2). Let f = c - 1. What is the units digit of f?
2
Let t = -107 + 113. What is the units digit of t?
6
Let v(a) = a**3 - 5*a**2 + 5*a - 2. What is the tens digit of v(5)?
2
Let u(z) = z. Let m be u(3). Let l = m + 1. Let r(n) = -n**3 + 3*n**2 + 4*n + 1. What is the units digit of r(l)?
1
Let v be 1/1*(5 + -8). What is the units digit of (-38)/(1 + v + 0)?
9
Let t(u) = -2*u - 1. Let d be t(-3). Suppose d*y - l = -31, 3*l = -2*y + l - 10. Let m = y - -17. What is the tens digit of m?
1
Suppose 2*d = 3*d + 3*t - 16, 2*t - 8 = 0. Let w be 4/(-18) - (-644)/(-18). What is the units digit of (1/(-3))/(d/w)?
3
What is the tens digit of (-3)/(-1)*152/12?
3
Suppose -84 = p - 4*p. What is the units digit of p?
8
Let g = 46 + -22. What is the units digit of g?
4
Suppose -4388 - 2337 = -25*u. What is the units digit of u?
9
Let n be (0 - 21)*(-2)/6. Suppose -20 = 5*k + 5*y, 3*y = 5*k + n + 5. What is the units digit of k + 1 + (3 - 0)?
1
Suppose -4*w - 1 + 3 = -2*s, 5*s + 32 = w. Let h = -7 - s. What is the units digit of -1 - h - (-9 - -5)?
3
Let k(a) = -a**3 + 5*a**2 + 8*a + 8. What is the units digit of k(6)?
0
Le